the hundreds digit of 380292?
2
What is the hundreds digit of 457547?
5
What is the tens digit of 1688223?
2
What is the units digit of 182596?
6
What is the ten thousands digit of 11948695?
4
What is the hundred thousands digit of 688630?
6
What is the tens digit of 1000169?
6
What is the units digit of 558478?
8
What is the thousands digit of 4175307?
5
What is the thousands digit of 4840628?
0
What is the thousands digit of 96207?
6
What is the tens digit of 553825?
2
What is the ten thousands digit of 327734?
2
What is the ten thousands digit of 501221?
0
What is the hundreds digit of 283758?
7
What is the hundreds digit of 736939?
9
What is the thousands digit of 307676?
7
What is the units digit of 32160081?
1
What is the tens digit of 401486?
8
What is the thousands digit of 254147?
4
What is the hundred thousands digit of 13364377?
3
What is the hundred thousands digit of 662839?
6
What is the tens digit of 40286?
8
What is the hundreds digit of 4736790?
7
What is the tens digit of 574687?
8
What is the ten thousands digit of 4340315?
4
What is the units digit of 919998?
8
What is the ten thousands digit of 494759?
9
What is the hundreds digit of 551952?
9
What is the hundred thousands digit of 4334167?
3
What is the ten thousands digit of 90542?
9
What is the ten thousands digit of 149848?
4
What is the millions digit of 1806329?
1
What is the millions digit of 6407325?
6
What is the hundred thousands digit of 1017096?
0
What is the thousands digit of 6471430?
1
What is the thousands digit of 1480814?
0
What is the ten thousands digit of 23165745?
6
What is the millions digit of 5386957?
5
What is the hundreds digit of 91274?
2
What is the hundreds digit of 5734684?
6
What is the millions digit of 1824891?
1
What is the units digit of 297500?
0
What is the thousands digit of 1471118?
1
What is the millions digit of 41096754?
1
What is the tens digit of 202722?
2
What is the ten thousands digit of 133439?
3
What is the thousands digit of 1744746?
4
What is the hundreds digit of 463987?
9
What is the hundreds digit of 261491?
4
What is the thousands digit of 553646?
3
What is the thousands digit of 7726541?
6
What is the thousands digit of 8768?
8
What is the hundred thousands digit of 285746?
2
What is the ten thousands digit of 52832?
5
What is the thousands digit of 254468?
4
What is the hundred thousands digit of 3183134?
1
What is the ten thousands digit of 41140?
4
What is the units digit of 124333?
3
What is the hundreds digit of 12220723?
7
What is the ten thousands digit of 125381?
2
What is the hundreds digit of 2693467?
4
What is the thousands digit of 1181?
1
What is the ten thousands digit of 304484?
0
What is the hundreds digit of 1669160?
1
What is the ten thousands digit of 4012144?
1
What is the ten thousands digit of 717988?
1
What is the hundred thousands digit of 603672?
6
What is the units digit of 2181543?
3
What is the ten thousands digit of 780916?
8
What is the hundred thousands digit of 222579?
2
What is the thousands digit of 6928029?
8
What is the units digit of 148474?
4
What is the ten thousands digit of 3153850?
5
What is the units digit of 34288?
8
What is the thousands digit of 6835501?
5
What is the hundred thousands digit of 1084673?
0
What is the ten thousands digit of 32855?
3
What is the hundreds digit of 90961?
9
What is the units digit of 1224276?
6
What is the hundreds digit of 42169126?
1
What is the ten thousands digit of 450807?
5
What is the ten thousands digit of 83586?
8
What is the ten thousands digit of 29015161?
1
What is the ten thousands digit of 470841?
7
What is the tens digit of 2219918?
1
What is the units digit of 293399?
9
What is the hundreds digit of 333871?
8
What is the millions digit of 4842046?
4
What is the tens digit of 70549?
4
What is the units digit of 216110?
0
What is the ten thousands digit of 27731491?
3
What is the units digit of 90236?
6
What is the hundreds digit of 8609?
6
What is the hundreds digit of 346864?
8
What is the hundreds digit of 145470?
4
What is the units digit of 3457841?
1
What is the hundreds digit of 552408?
4
What is the millions digit of 5792357?
5
What is the hundreds digit of 519861?
8
What is the ten thousands digit of 8476202?
7
What is the hundred thousands digit of 12802182?
8
What is the ten millions digit of 23534142?
2
What is the ten thousands digit of 7088759?
8
What is the hundred thousands digit of 478487?
4
What is the thousands digit of 1949449?
9
What is the hundred thousands digit of 295333?
2
What is the units digit of 5038253?
3
What is the ten thousands digit of 61033?
6
What is the hundred thousands digit of 1295585?
2
What is the hundreds digit of 11562521?
5
What is the hundreds digit of 470541?
5
What is the tens digit of 787601?
0
What is the units digit of 683757?
7
What is the tens digit of 339308?
0
What is the hundreds digit of 17947?
9
What is the hundreds digit of 6243997?
9
What is the units digit of 79772?
2
What is the hundreds digit of 481409?
4
What is the thousands digit of 208962?
8
What is the hundreds digit of 16918375?
3
What is the hundreds digit of 2615603?
6
What is the ten thousands digit of 10395251?
9
What is the ten thousands digit of 923358?
2
What is the hundred thousands digit of 1070945?
0
What is the thousands digit of 22038750?
8
What is the hundred thousands digit of 2927449?
9
What is the thousands digit of 165762?
5
What is the units digit of 2172344?
4
What is the tens digit of 1747330?
3
What is the hundreds digit of 149104?
1
What is the ten thousands digit of 10766075?
6
What is the ten thousands digit of 18985566?
8
What is the tens digit of 11939885?
8
What is the thousands digit of 431361?
1
What is the hundred thousands digit of 5365100?
3
What is the ten thousands digit of 260817?
6
What is the units digit of 1458914?
4
What is the millions digit of 4620720?
4
What is the hundreds digit of 2007973?
9
What is the hundreds digit of 2705888?
8
What is the hundreds digit of 1713876?
8
What is the hundred thousands digit of 666343?
6
What is the hundred thousands digit of 11049988?
0
What is the units digit of 110391?
1
What is the tens digit of 12897568?
6
What is the tens digit of 882140?
4
What is the hundreds digit of 985910?
9
What is the millions digit of 16537351?
6
What is the hundreds digit of 369666?
6
What is the millions digit of 11906510?
1
What is the millions digit of 2801949?
2
What is the thousands digit of 5022050?
2
What is the ten thousands digit of 229416?
2
What is the millions digit of 22432578?
2
What is the hundreds digit of 120458?
4
What is the hundred thousands digit of 2125415?
1
What is the units digit of 1072435?
5
What is the hundred thousands digit of 12380621?
3
What is the ten thousands digit of 2189333?
8
What is the millions digit of 1729849?
1
What is the ten thousands digit of 7336628?
3
What is the hundred thousands digit of 419924?
4
What is the thousands digit of 13606889?
6
What is the hundreds digit of 151951?
9
What is the units digit of 2049378?
8
What is the units digit of 6857813?
3
What is the hundred thousands digit of 7912906?
9
What is the hundreds digit of 884418?
4
What is the tens digit of 66174?
7
What is the hundreds digit of 1212051?
0
What is the millions digit of 2281794?
2
What is the thousands digit of 1152871?
2
What is the tens digit of 14952458?
5
What is the millions digit of 6054423?
6
What is the hundreds digit of 11614853?
8
What is the hundreds digit of 4457850?
8
What is the units digit of 943750?
0
What is the hundred thousands digit of 4020935?
0
What is the hundreds digit of 1569751?
7
What is the ten thousands digit of 159412?
5
What is the units digit of 15531228?
8
What is the thousands digit of 10802903?
2
What is the tens digit of 17995339?
3
What is the ten thousands digit of 2010985?
1
What is the hundreds digit of 4424121?
1
What is the hundred thousands digit of 929828?
9
What is the hundreds digit of 239033?
0
What is the ten thousands digit of 1090898?
9
What is the ten millions digit of 16173379?
1
What is the tens digit of 243241?
4
What is the ten thousands digit of 1440279?
4
What is the hundreds digit of 2263293?
2
What is the ten thousands digit of 6618361?
1
What is the hundred thousand